{"id":2028,"date":"2019-08-26T11:32:58","date_gmt":"2019-08-26T09:32:58","guid":{"rendered":"https:\/\/www.biowein.be\/web\/?page_id=2028"},"modified":"2019-10-11T14:56:36","modified_gmt":"2019-10-11T12:56:36","slug":"neusiedlersee","status":"publish","type":"page","link":"https:\/\/www.biowein.be\/web\/weingueter\/oesterreich\/neusiedlersee\/","title":{"rendered":"Neusiedlersee"},"content":{"rendered":"<section class=\"wpb-content-wrapper\">[vc_row full_width=&#8221;stretch_row&#8221; css=&#8221;.vc_custom_1557136431190{margin-bottom: 60px !important;}&#8221;][vc_column][vc_tta_accordion active_section=&#8221;0&#8243;][vc_tta_section title=&#8221;Weingut Georg Schmelzer&#8221; tab_id=&#8221;weingut_georg_schmelzer&#8221;][vc_column_text]<strong>Gols im Burgenland am Neusiedlersee<\/strong><\/p>\n<p>Seit 100 Jahren macht die Familie Schmelzer hier charaktervolle Rot-, Wei\u00df- und Schaumweine. Die 14 Hektar gro\u00dfen Weing\u00e4rten werden nach Demeter-Richtlinien bewirtschaftet. 2013 stellten Georg und seine Frau Elisabeth erstmals auch zwei schwefelfreie und unfiltrierte Weine vor: \u201eZauber des Verzichts\u201c und \u201eSchlicht und ergreifend\u201c. Seit 2018 sind alle seine Weine ohne Schwefelzusatz und ohne Filterung. Es handelt sich um traditionsreiche \u00f6sterreichische Weinsorten, wie u.a. Gr\u00fcner und Fr\u00fchroter Veltliner, Welschriesling und Zweigelt sowie auch Cabernet-Sauvignon. Mit gro\u00dfer Neugierde sollte man seine Weine verkosten und sich \u00fcberraschen lassen von diesem aparten und sehr individuellen faszinierenden Stil. Seine Weinberge liegen in der Gemeinde Gols im Burgenland am Neusiedlersee und dort ist er einer der f\u00fchrenden biologisch-dynamisch arbeitenden Winzer.<\/p>\n<p><img loading=\"lazy\" decoding=\"async\" class=\"alignnone size-full wp-image-2029\" src=\"https:\/\/www.biowein.be\/web\/wp-content\/uploads\/2019\/08\/biowein-weingueter-schmelzer.jpg\" alt=\"\" width=\"604\" height=\"224\" srcset=\"https:\/\/www.biowein.be\/web\/wp-content\/uploads\/2019\/08\/biowein-weingueter-schmelzer.jpg 604w, https:\/\/www.biowein.be\/web\/wp-content\/uploads\/2019\/08\/biowein-weingueter-schmelzer-300x111.jpg 300w, https:\/\/www.biowein.be\/web\/wp-content\/uploads\/2019\/08\/biowein-weingueter-schmelzer-600x223.jpg 600w, https:\/\/www.biowein.be\/web\/wp-content\/uploads\/2019\/08\/biowein-weingueter-schmelzer-150x56.jpg 150w\" sizes=\"auto, (max-width: 604px) 100vw, 604px\" \/>[\/vc_column_text][vc_separator css=&#8221;.vc_custom_1570798531468{margin-top: 0px !important;margin-bottom: 0px !important;padding-top: 20px !important;padding-bottom: 20px !important;}&#8221;]<div class=\"category_products product-grid\"><div class=\"woocommerce columns-6 \"><div class=\"shop-products row grid-view\"><div class=\" item-col col-12 col-full-hd col-md-2 has-product-bg post-1832 product type-product status-publish has-post-thumbnail product_cat-neusiedlersee product_cat-oesterreich product_cat-rot product_cat-weingut-georg-schmelzer first instock shipping-taxable purchasable product-type-simple\">\n\t<div class=\"product-wrapper gridview\">\n\t\t<div class=\"list-col4\">\n\t\t\t<div class=\"product-image\">\n\t\t\t\t<a href=\"https:\/\/www.biowein.be\/web\/product\/georg-schmelzer-zweigelt-2015\/\" class=\"woocommerce-LoopProduct-link woocommerce-loop-product__link\">\t\t\t\t<img loading=\"lazy\" decoding=\"async\" width=\"300\" height=\"300\" src=\"https:\/\/www.biowein.be\/web\/wp-content\/uploads\/2019\/04\/biowein-be-0113-georg_schmelzer-zweigelt_2015-300x300.jpg\" class=\"attachment-woocommerce_thumbnail size-woocommerce_thumbnail\" alt=\"Georg Schmelzer: Zweigelt 2021\" srcset=\"https:\/\/www.biowein.be\/web\/wp-content\/uploads\/2019\/04\/biowein-be-0113-georg_schmelzer-zweigelt_2015-300x300.jpg 300w, https:\/\/www.biowein.be\/web\/wp-content\/uploads\/2019\/04\/biowein-be-0113-georg_schmelzer-zweigelt_2015-150x150.jpg 150w\" sizes=\"auto, (max-width: 300px) 100vw, 300px\" \/>\t\t\t\t<\/a>\t\t\t\t<div class=\"count-down\">\n\t\t\t\t\t\t\t\t\t\t\t\t\t\t<\/div>\n\t\t\t\t<div class=\"product-button\">\n\t\t\t\t\t<ul class=\"actions\">\n\t\t\t\t\t\t<li class=\"add-to-wishlist\"> \n\t\t\t\t\t\t\t\t\t\t\t\t\t<\/li>\n\t\t\t\t\t\t<li class=\"add-to-compare\">\n\t\t\t\t\t\t\t\t<div class=\"woocommerce product compare-button\">\r\n\t\t\t<a\r\n\t\thref=\"https:\/\/www.biowein.be\/web?action=yith-woocompare-add-product&#038;id=1832\"\r\n\t\tclass=\"compare button  \"\r\n\t\tdata-product_id=\"1832\"\r\n\t\ttarget=\"_self\"\r\n\t\trel=\"nofollow\"\r\n\t>\r\n\t\t\t\t<span class=\"label\">\r\n\t\t\tCompare\t\t<\/span>\r\n\t<\/a>\r\n\r\n\t<\/div>\t\t\t\t\t\t<\/li>\n\t\t\t\t\t\t<li class=\"quickviewbtn\">\n\t\t\t\t\t\t\t<a class=\"detail-link quickview fa fa-external-link\" data-quick-id=\"1832\" href=\"https:\/\/www.biowein.be\/web\/product\/georg-schmelzer-zweigelt-2015\/\" title=\"Georg Schmelzer: Zweigelt 2021\">Quick View<\/a>\n\t\t\t\t\t\t<\/li>\n\t\t\t\t\t<\/ul>\n\t\t\t\t<\/div>\n\t\t\t<\/div>\n\t\t<\/div>\n\t\t<div class=\"list-col8\">\n\t\t\t<div class=\"product-name\">\n\t\t\t\t<h2 class=\"woocommerce-loop-product__title\">Georg Schmelzer: Zweigelt 2021<\/h2>\t\t\t\t<a href=\"https:\/\/www.biowein.be\/web\/product\/georg-schmelzer-zweigelt-2015\/\">Georg Schmelzer: Zweigelt 2021<\/a>\n\t\t\t<\/div>\n\t\t\t\t\t\t<!-- hook rating -->\n\t\t\t\t\t\t\t<div class=\"price-box\">\n\t\t\t\t\t<div class=\"price-box-inner\">\n\t\t\t\t\t\t<span class=\"woocommerce-Price-amount amount\"><bdi>19.00<span class=\"woocommerce-Price-currencySymbol\">&euro;<\/span><\/bdi><\/span>\t\t\t\t\t<\/div>\n\t\t\t\t<\/div>\n\t\t\t\t\t\t<!-- end price -->\n\t\t\t<div class=\"add-to-cart\">\n\t\t\t\t<p class=\"product woocommerce add_to_cart_inline \" style=\"border:4px solid #ccc; padding: 12px;\"><span class=\"woocommerce-Price-amount amount\"><bdi>19.00<span class=\"woocommerce-Price-currencySymbol\">&euro;<\/span><\/bdi><\/span><a href=\"\/web\/wp-json\/wp\/v2\/pages\/2028?add-to-cart=1832\" aria-describedby=\"woocommerce_loop_add_to_cart_link_describedby_1832\" data-quantity=\"1\" class=\"button product_type_simple add_to_cart_button ajax_add_to_cart\" data-product_id=\"1832\" data-product_sku=\"\" aria-label=\"In den Warenkorb legen: \u201eGeorg Schmelzer: Zweigelt 2021\u201c\" rel=\"nofollow\" data-success_message=\"\u201eGeorg Schmelzer: Zweigelt 2021\u201c wurde deinem Warenkorb hinzugef\u00fcgt\" role=\"button\">In den Warenkorb<\/a>\t<span id=\"woocommerce_loop_add_to_cart_link_describedby_1832\" class=\"screen-reader-text\">\n\t\t\t<\/span>\n<\/p>\t\t\t<\/div>\n\t\t<\/div>\n\t<\/div>\n\t<div class=\"product-wrapper listview\">\n\t\t<div class=\"row\">\n\t\t\t<div class=\"list-col4 \">\n\t\t\t\t<div class=\"product-image\">\n\t\t\t\t\t<a href=\"https:\/\/www.biowein.be\/web\/product\/georg-schmelzer-zweigelt-2015\/\" class=\"woocommerce-LoopProduct-link woocommerce-loop-product__link\">\t\t\t\t\t<img loading=\"lazy\" decoding=\"async\" width=\"300\" height=\"300\" src=\"https:\/\/www.biowein.be\/web\/wp-content\/uploads\/2019\/04\/biowein-be-0113-georg_schmelzer-zweigelt_2015-300x300.jpg\" class=\"attachment-woocommerce_thumbnail size-woocommerce_thumbnail\" alt=\"Georg Schmelzer: Zweigelt 2021\" srcset=\"https:\/\/www.biowein.be\/web\/wp-content\/uploads\/2019\/04\/biowein-be-0113-georg_schmelzer-zweigelt_2015-300x300.jpg 300w, https:\/\/www.biowein.be\/web\/wp-content\/uploads\/2019\/04\/biowein-be-0113-georg_schmelzer-zweigelt_2015-150x150.jpg 150w\" sizes=\"auto, (max-width: 300px) 100vw, 300px\" \/>\t\t\t\t\t<\/a>\t\t\t\t<\/div>\n\t\t\t<\/div>\n\t\t\t<div class=\"list-col8 \">\n\t\t\t\t<div class=\"product-category\">\n\t\t\t\t\t<a href=\"https:\/\/www.biowein.be\/web\/product-category\/region\/neusiedlersee\/\" rel=\"tag\">Neusiedlersee<\/a>, <a href=\"https:\/\/www.biowein.be\/web\/product-category\/land\/oesterreich\/\" rel=\"tag\">\u00d6sterreich<\/a>, <a href=\"https:\/\/www.biowein.be\/web\/product-category\/farbe\/rot\/\" rel=\"tag\">Rot<\/a>, <a href=\"https:\/\/www.biowein.be\/web\/product-category\/weingut\/weingut-georg-schmelzer\/\" rel=\"tag\">Weingut Georg Schmelzer<\/a>\t\t\t\t<\/div>\n\t\t\t\t<div class=\"product-name\">\n\t\t\t\t\t<h2 class=\"woocommerce-loop-product__title\">Georg Schmelzer: Zweigelt 2021<\/h2>\t\t\t\t\t<a href=\"https:\/\/www.biowein.be\/web\/product\/georg-schmelzer-zweigelt-2015\/\">Georg Schmelzer: Zweigelt 2021<\/a>\n\t\t\t\t<\/div>\n\t\t\t\t\t\t\t\t<!-- hook rating -->\n\t\t\t\t\t\t\t\t\t<div class=\"price-box\">\n\t\t\t\t\t\t<div class=\"price-box-inner\">\n\t\t\t\t\t\t\t<span class=\"woocommerce-Price-amount amount\"><bdi>19.00<span class=\"woocommerce-Price-currencySymbol\">&euro;<\/span><\/bdi><\/span>\t\t\t\t\t\t<\/div>\n\t\t\t\t\t<\/div>\n\t\t\t\t\t\t\t\t<!-- end price -->\n\t\t\t\t\t\t\t\t\t<div class=\"product-desc\">\n\t\t\t\t\t\t<p><u>Anbaugebiet<\/u> : Neusiedlersee &#8211; Burgenland<\/p>\n<p>Hei\u00dfe und trockene Sommer, kalter Winter, h\u00e4ufig starker Wind. Der Neusiedlersee gibt dem Gebiet dieses spezielle Mikroklima.<\/p>\n<p><u>Rebsorten<\/u> : Zweigelt<\/p>\n<p><u>Kelterung<\/u> : Handlese, gerebelt, nicht gepresst, sondern es wird nur der Seihmost verwendet. Verg\u00e4rung auf der Maische. Es wird keine Reinzuchthefe zugef\u00fcgt, sondern nur mit der eigenen Wildhefe der Trauben vergoren. 12 Monate Reifung auf der feinen Hefe in gro\u00dfen Akazienf\u00e4ssern (2500 Liter), ohne Schwefel und nicht filtriert in die Flasche gef\u00fcllt.<\/p>\n<p><u>Boden<\/u> : Der Zweigelt w\u00e4chst auf 3 Bodentypen\u00a0: Lehm, Kies und Sand.<\/p>\n<p>Der Winzer nimmt die besten Trauben von jedem Weingarten und vereint diese zu einem vielschichtigen Wein.<\/p>\n<p><u>Beschreibung<\/u> : Noten von dunklen Beeren und Kakao. Straffes Tannin, feine S\u00e4ure, samtige Textur. Langer gehaltvoller Abgang.<\/p>\n<p><u>Passt zu<\/u> : Dieser Wein ist ein wunderbarer Speisenbegleiter zu rotem Fleisch.<\/p>\n<p>Vor dem \u00d6ffnen die Flasche 3 x umdrehen !!!<\/p>\n<p>&nbsp;<\/p>\n\t\t\t\t\t<\/div>\n\t\t\t\t\t\t\t\t<!-- end desc -->\n\t\t\t\t<div class=\"product-button\">\n\t\t\t\t\t<div class=\"add-to-cart\">\n\t\t\t\t\t\t<p class=\"product woocommerce add_to_cart_inline \" style=\"border:4px solid #ccc; padding: 12px;\"><span class=\"woocommerce-Price-amount amount\"><bdi>19.00<span class=\"woocommerce-Price-currencySymbol\">&euro;<\/span><\/bdi><\/span><a href=\"\/web\/wp-json\/wp\/v2\/pages\/2028?add-to-cart=1832\" aria-describedby=\"woocommerce_loop_add_to_cart_link_describedby_1832\" data-quantity=\"1\" class=\"button product_type_simple add_to_cart_button ajax_add_to_cart\" data-product_id=\"1832\" data-product_sku=\"\" aria-label=\"In den Warenkorb legen: \u201eGeorg Schmelzer: Zweigelt 2021\u201c\" rel=\"nofollow\" data-success_message=\"\u201eGeorg Schmelzer: Zweigelt 2021\u201c wurde deinem Warenkorb hinzugef\u00fcgt\" role=\"button\">In den Warenkorb<\/a>\t<span id=\"woocommerce_loop_add_to_cart_link_describedby_1832\" class=\"screen-reader-text\">\n\t\t\t<\/span>\n<\/p>\t\t\t\t\t<\/div>\n\t\t\t\t\t<ul class=\"actions\">\n\t\t\t\t\t\t<li class=\"add-to-wishlist\"> \n\t\t\t\t\t\t\t\t\t\t\t\t\t<\/li>\n\t\t\t\t\t\t<li class=\"add-to-compare\">\n\t\t\t\t\t\t\t\t<div class=\"woocommerce product compare-button\">\r\n\t\t\t<a\r\n\t\thref=\"https:\/\/www.biowein.be\/web?action=yith-woocompare-add-product&#038;id=1832\"\r\n\t\tclass=\"compare button  \"\r\n\t\tdata-product_id=\"1832\"\r\n\t\ttarget=\"_self\"\r\n\t\trel=\"nofollow\"\r\n\t>\r\n\t\t\t\t<span class=\"label\">\r\n\t\t\tCompare\t\t<\/span>\r\n\t<\/a>\r\n\r\n\t<\/div>\t\t\t\t\t\t<\/li>\n\t\t\t\t\t\t<li class=\"quickviewbtn\">\n\t\t\t\t\t\t\t<a class=\"detail-link quickview fa fa-external-link\" data-quick-id=\"1832\" href=\"https:\/\/www.biowein.be\/web\/product\/georg-schmelzer-zweigelt-2015\/\" title=\"Georg Schmelzer: Zweigelt 2021\">Quick View<\/a>\n\t\t\t\t\t\t<\/li>\n\t\t\t\t\t<\/ul>\n\t\t\t\t<\/div>\n\t\t\t<\/div>\n\t\t<\/div>\n\t<\/div>\n<\/div>\n<\/div><\/div><\/div>[\/vc_tta_section][vc_tta_section title=&#8221;Weingut Birgit Braunstein&#8221; tab_id=&#8221;weingut_birgit_braunstein&#8221;][vc_column_text]<strong>Purbach im Burgenland am Neusiedlersee<\/strong><\/p>\n<p><img loading=\"lazy\" decoding=\"async\" class=\"alignnone size-full wp-image-2031\" src=\"https:\/\/www.biowein.be\/web\/wp-content\/uploads\/2019\/08\/biowein-weingueter-braunstein01.jpg\" alt=\"\" width=\"200\" height=\"200\" srcset=\"https:\/\/www.biowein.be\/web\/wp-content\/uploads\/2019\/08\/biowein-weingueter-braunstein01.jpg 200w, https:\/\/www.biowein.be\/web\/wp-content\/uploads\/2019\/08\/biowein-weingueter-braunstein01-150x150.jpg 150w\" sizes=\"auto, (max-width: 200px) 100vw, 200px\" \/><img loading=\"lazy\" decoding=\"async\" class=\"alignnone size-full wp-image-2033\" src=\"https:\/\/www.biowein.be\/web\/wp-content\/uploads\/2019\/08\/biowein-weingueter-braunstein02.jpg\" alt=\"\" width=\"604\" height=\"302\" srcset=\"https:\/\/www.biowein.be\/web\/wp-content\/uploads\/2019\/08\/biowein-weingueter-braunstein02.jpg 604w, https:\/\/www.biowein.be\/web\/wp-content\/uploads\/2019\/08\/biowein-weingueter-braunstein02-300x150.jpg 300w, https:\/\/www.biowein.be\/web\/wp-content\/uploads\/2019\/08\/biowein-weingueter-braunstein02-600x300.jpg 600w, https:\/\/www.biowein.be\/web\/wp-content\/uploads\/2019\/08\/biowein-weingueter-braunstein02-150x75.jpg 150w\" sizes=\"auto, (max-width: 604px) 100vw, 604px\" \/><\/p>\n<p>Birgits Leitsatz f\u00fcrs Leben und als Winzerin hei\u00dft\u00a0 \u201eLebe Freude\u201c.<\/p>\n<p>Sie ist eine sehr positiv eingestellte Pers\u00f6nlichkeit, die zu den besten Winzern \u00d6sterreichs geh\u00f6rt. Sie arbeitet auf 22 Hektar in den besten Lagen des Burgenlands in der N\u00e4he vom Neusiedlersee. \u00a0Ihre 10 verschiedene Rebsorten wachsen auf B\u00f6den aus purem Kalk, kristallinem Quarz und Schiefer. Ihre Anbaufl\u00e4che betr\u00e4gt 22\u00a0Hektar, der Schwerpunkt liegt auf terroirspezifischen Weinen, wobei die Hauptsorten Blaufr\u00e4nkisch, Zweigelt und Pinot Noir bei den Rotweinen und Pinot Blanc und Chardonnay bei den Wei\u00dfweinen sind. Zum Keltern dieser Weine hat sie in ihrem Kr\u00e4utergarten Amphoren eingegraben, bzw. l\u00e4sst sie Wei\u00dfweintrauben bei sehr langer Maischestandzeit offen verg\u00e4ren und keltert ohne Schwefelzusatz. Faszinierende Weine sind das Resultat von Experimentierfreude und Neugierde!<\/p>\n<p><strong>\u00a0<\/strong>[\/vc_column_text][vc_separator css=&#8221;.vc_custom_1570798531468{margin-top: 0px !important;margin-bottom: 0px !important;padding-top: 20px !important;padding-bottom: 20px !important;}&#8221;]<div class=\"category_products product-grid\"><div class=\"woocommerce columns-6 \"><div class=\"shop-products row grid-view\"><div class=\" item-col col-12 col-full-hd col-md-2 has-product-bg post-1835 product type-product status-publish has-post-thumbnail product_cat-neusiedlersee product_cat-news product_cat-oesterreich product_cat-weingut-birgit-braunstein product_cat-weiss first instock shipping-taxable purchasable product-type-simple\">\n\t<div class=\"product-wrapper gridview\">\n\t\t<div class=\"list-col4\">\n\t\t\t<div class=\"product-image\">\n\t\t\t\t<a href=\"https:\/\/www.biowein.be\/web\/product\/birgit-braunstein-chardonay-felsenstein-2016-2017\/\" class=\"woocommerce-LoopProduct-link woocommerce-loop-product__link\">\t\t\t\t<img loading=\"lazy\" decoding=\"async\" width=\"300\" height=\"300\" src=\"https:\/\/www.biowein.be\/web\/wp-content\/uploads\/2019\/04\/biowein-be-0118-birgit_braunstein-chardonay_felsenstein_2016-2017-300x300.jpg\" class=\"attachment-woocommerce_thumbnail size-woocommerce_thumbnail\" alt=\"Birgit Braunstein : Chardonay Felsenstein 2023\" srcset=\"https:\/\/www.biowein.be\/web\/wp-content\/uploads\/2019\/04\/biowein-be-0118-birgit_braunstein-chardonay_felsenstein_2016-2017-300x300.jpg 300w, https:\/\/www.biowein.be\/web\/wp-content\/uploads\/2019\/04\/biowein-be-0118-birgit_braunstein-chardonay_felsenstein_2016-2017-150x150.jpg 150w\" sizes=\"auto, (max-width: 300px) 100vw, 300px\" \/>\t\t\t\t<\/a>\t\t\t\t<div class=\"count-down\">\n\t\t\t\t\t\t\t\t\t\t\t\t\t\t<\/div>\n\t\t\t\t<div class=\"product-button\">\n\t\t\t\t\t<ul class=\"actions\">\n\t\t\t\t\t\t<li class=\"add-to-wishlist\"> \n\t\t\t\t\t\t\t\t\t\t\t\t\t<\/li>\n\t\t\t\t\t\t<li class=\"add-to-compare\">\n\t\t\t\t\t\t\t\t<div class=\"woocommerce product compare-button\">\r\n\t\t\t<a\r\n\t\thref=\"https:\/\/www.biowein.be\/web?action=yith-woocompare-add-product&#038;id=1835\"\r\n\t\tclass=\"compare button  \"\r\n\t\tdata-product_id=\"1835\"\r\n\t\ttarget=\"_self\"\r\n\t\trel=\"nofollow\"\r\n\t>\r\n\t\t\t\t<span class=\"label\">\r\n\t\t\tCompare\t\t<\/span>\r\n\t<\/a>\r\n\r\n\t<\/div>\t\t\t\t\t\t<\/li>\n\t\t\t\t\t\t<li class=\"quickviewbtn\">\n\t\t\t\t\t\t\t<a class=\"detail-link quickview fa fa-external-link\" data-quick-id=\"1835\" href=\"https:\/\/www.biowein.be\/web\/product\/birgit-braunstein-chardonay-felsenstein-2016-2017\/\" title=\"Birgit Braunstein : Chardonay Felsenstein 2023\">Quick View<\/a>\n\t\t\t\t\t\t<\/li>\n\t\t\t\t\t<\/ul>\n\t\t\t\t<\/div>\n\t\t\t<\/div>\n\t\t<\/div>\n\t\t<div class=\"list-col8\">\n\t\t\t<div class=\"product-name\">\n\t\t\t\t<h2 class=\"woocommerce-loop-product__title\">Birgit Braunstein : Chardonay Felsenstein 2023<\/h2>\t\t\t\t<a href=\"https:\/\/www.biowein.be\/web\/product\/birgit-braunstein-chardonay-felsenstein-2016-2017\/\">Birgit Braunstein : Chardonay Felsenstein 2023<\/a>\n\t\t\t<\/div>\n\t\t\t\t\t\t<!-- hook rating -->\n\t\t\t\t\t\t\t<div class=\"price-box\">\n\t\t\t\t\t<div class=\"price-box-inner\">\n\t\t\t\t\t\t<span class=\"woocommerce-Price-amount amount\"><bdi>18.90<span class=\"woocommerce-Price-currencySymbol\">&euro;<\/span><\/bdi><\/span>\t\t\t\t\t<\/div>\n\t\t\t\t<\/div>\n\t\t\t\t\t\t<!-- end price -->\n\t\t\t<div class=\"add-to-cart\">\n\t\t\t\t<p class=\"product woocommerce add_to_cart_inline \" style=\"border:4px solid #ccc; padding: 12px;\"><span class=\"woocommerce-Price-amount amount\"><bdi>18.90<span class=\"woocommerce-Price-currencySymbol\">&euro;<\/span><\/bdi><\/span><a href=\"\/web\/wp-json\/wp\/v2\/pages\/2028?add-to-cart=1835\" aria-describedby=\"woocommerce_loop_add_to_cart_link_describedby_1835\" data-quantity=\"1\" class=\"button product_type_simple add_to_cart_button ajax_add_to_cart\" data-product_id=\"1835\" data-product_sku=\"\" aria-label=\"In den Warenkorb legen: \u201eBirgit Braunstein : Chardonay Felsenstein 2023\u201c\" rel=\"nofollow\" data-success_message=\"\u201eBirgit Braunstein : Chardonay Felsenstein 2023\u201c wurde deinem Warenkorb hinzugef\u00fcgt\" role=\"button\">In den Warenkorb<\/a>\t<span id=\"woocommerce_loop_add_to_cart_link_describedby_1835\" class=\"screen-reader-text\">\n\t\t\t<\/span>\n<\/p>\t\t\t<\/div>\n\t\t<\/div>\n\t<\/div>\n\t<div class=\"product-wrapper listview\">\n\t\t<div class=\"row\">\n\t\t\t<div class=\"list-col4 \">\n\t\t\t\t<div class=\"product-image\">\n\t\t\t\t\t<a href=\"https:\/\/www.biowein.be\/web\/product\/birgit-braunstein-chardonay-felsenstein-2016-2017\/\" class=\"woocommerce-LoopProduct-link woocommerce-loop-product__link\">\t\t\t\t\t<img loading=\"lazy\" decoding=\"async\" width=\"300\" height=\"300\" src=\"https:\/\/www.biowein.be\/web\/wp-content\/uploads\/2019\/04\/biowein-be-0118-birgit_braunstein-chardonay_felsenstein_2016-2017-300x300.jpg\" class=\"attachment-woocommerce_thumbnail size-woocommerce_thumbnail\" alt=\"Birgit Braunstein : Chardonay Felsenstein 2023\" srcset=\"https:\/\/www.biowein.be\/web\/wp-content\/uploads\/2019\/04\/biowein-be-0118-birgit_braunstein-chardonay_felsenstein_2016-2017-300x300.jpg 300w, https:\/\/www.biowein.be\/web\/wp-content\/uploads\/2019\/04\/biowein-be-0118-birgit_braunstein-chardonay_felsenstein_2016-2017-150x150.jpg 150w\" sizes=\"auto, (max-width: 300px) 100vw, 300px\" \/>\t\t\t\t\t<\/a>\t\t\t\t<\/div>\n\t\t\t<\/div>\n\t\t\t<div class=\"list-col8 \">\n\t\t\t\t<div class=\"product-category\">\n\t\t\t\t\t<a href=\"https:\/\/www.biowein.be\/web\/product-category\/region\/neusiedlersee\/\" rel=\"tag\">Neusiedlersee<\/a>, <a href=\"https:\/\/www.biowein.be\/web\/product-category\/news\/\" rel=\"tag\">News<\/a>, <a href=\"https:\/\/www.biowein.be\/web\/product-category\/land\/oesterreich\/\" rel=\"tag\">\u00d6sterreich<\/a>, <a href=\"https:\/\/www.biowein.be\/web\/product-category\/weingut\/weingut-birgit-braunstein\/\" rel=\"tag\">Weingut Birgit Braunstein<\/a>, <a href=\"https:\/\/www.biowein.be\/web\/product-category\/farbe\/weiss\/\" rel=\"tag\">Wei\u00df<\/a>\t\t\t\t<\/div>\n\t\t\t\t<div class=\"product-name\">\n\t\t\t\t\t<h2 class=\"woocommerce-loop-product__title\">Birgit Braunstein : Chardonay Felsenstein 2023<\/h2>\t\t\t\t\t<a href=\"https:\/\/www.biowein.be\/web\/product\/birgit-braunstein-chardonay-felsenstein-2016-2017\/\">Birgit Braunstein : Chardonay Felsenstein 2023<\/a>\n\t\t\t\t<\/div>\n\t\t\t\t\t\t\t\t<!-- hook rating -->\n\t\t\t\t\t\t\t\t\t<div class=\"price-box\">\n\t\t\t\t\t\t<div class=\"price-box-inner\">\n\t\t\t\t\t\t\t<span class=\"woocommerce-Price-amount amount\"><bdi>18.90<span class=\"woocommerce-Price-currencySymbol\">&euro;<\/span><\/bdi><\/span>\t\t\t\t\t\t<\/div>\n\t\t\t\t\t<\/div>\n\t\t\t\t\t\t\t\t<!-- end price -->\n\t\t\t\t\t\t\t\t\t<div class=\"product-desc\">\n\t\t\t\t\t\t<p><u>Anbaugebiet<\/u> : Burgenland \/ Neusiedlersee<\/p>\n<p><u>Rebsorten<\/u> : Chardonnay<\/p>\n<p><u>Kelterung<\/u> : Spontanverg\u00e4rung im Edelstahltank und 4 monatige Lagerung auf der Feinhefe<\/p>\n<p><u>Boden<\/u> : Reiner Muschelkalkboden<\/p>\n<p>Das Leithagebirge hinter Purbach, wo Schiefer, Muschelkalk und kristalliner Quarz eine perfekte Basis f\u00fcr die Weine sind, und der Neusiedler See mit seinem einzigartigen Mikroklima, geben dem Wein eine besondere Reife und die terroir spezifische Mineralit\u00e4t und Nat\u00fcrlichkeit.<\/p>\n<p>Die frische und k\u00fchle Nachtluft der Hanglagen des Leithagebirges sorgt f\u00fcr Fruchtigkeit, Finesse und Lebendigkeit.<\/p>\n<p><u>Beschreibung<\/u> : Seine exotische Nase nach reifer Ananas, die frische S\u00e4ure und der gehaltvolle K\u00f6rper machen den Chardonnay Felsenstein zum idealen Speisebegleiter.<\/p>\n<p>Bei 8-10\u00b0C in einem gro\u00dfen Burgunderglas zeigt der Chardonnay seine ganze Klasse.<\/p>\n<p><u>Passt zu<\/u> : indischem Currygem\u00fcse, Kaninchenragout mit K\u00fcrbis und Rosinenreis, sowie zu Fisch und Gem\u00fcsegerichten. Ein pures Trinkvergn\u00fcgen !<\/p>\n<div id=\"ConnectiveDocSignExtentionInstalled\" data-extension-version=\"1.0.4\"><\/div>\n\t\t\t\t\t<\/div>\n\t\t\t\t\t\t\t\t<!-- end desc -->\n\t\t\t\t<div class=\"product-button\">\n\t\t\t\t\t<div class=\"add-to-cart\">\n\t\t\t\t\t\t<p class=\"product woocommerce add_to_cart_inline \" style=\"border:4px solid #ccc; padding: 12px;\"><span class=\"woocommerce-Price-amount amount\"><bdi>18.90<span class=\"woocommerce-Price-currencySymbol\">&euro;<\/span><\/bdi><\/span><a href=\"\/web\/wp-json\/wp\/v2\/pages\/2028?add-to-cart=1835\" aria-describedby=\"woocommerce_loop_add_to_cart_link_describedby_1835\" data-quantity=\"1\" class=\"button product_type_simple add_to_cart_button ajax_add_to_cart\" data-product_id=\"1835\" data-product_sku=\"\" aria-label=\"In den Warenkorb legen: \u201eBirgit Braunstein : Chardonay Felsenstein 2023\u201c\" rel=\"nofollow\" data-success_message=\"\u201eBirgit Braunstein : Chardonay Felsenstein 2023\u201c wurde deinem Warenkorb hinzugef\u00fcgt\" role=\"button\">In den Warenkorb<\/a>\t<span id=\"woocommerce_loop_add_to_cart_link_describedby_1835\" class=\"screen-reader-text\">\n\t\t\t<\/span>\n<\/p>\t\t\t\t\t<\/div>\n\t\t\t\t\t<ul class=\"actions\">\n\t\t\t\t\t\t<li class=\"add-to-wishlist\"> \n\t\t\t\t\t\t\t\t\t\t\t\t\t<\/li>\n\t\t\t\t\t\t<li class=\"add-to-compare\">\n\t\t\t\t\t\t\t\t<div class=\"woocommerce product compare-button\">\r\n\t\t\t<a\r\n\t\thref=\"https:\/\/www.biowein.be\/web?action=yith-woocompare-add-product&#038;id=1835\"\r\n\t\tclass=\"compare button  \"\r\n\t\tdata-product_id=\"1835\"\r\n\t\ttarget=\"_self\"\r\n\t\trel=\"nofollow\"\r\n\t>\r\n\t\t\t\t<span class=\"label\">\r\n\t\t\tCompare\t\t<\/span>\r\n\t<\/a>\r\n\r\n\t<\/div>\t\t\t\t\t\t<\/li>\n\t\t\t\t\t\t<li class=\"quickviewbtn\">\n\t\t\t\t\t\t\t<a class=\"detail-link quickview fa fa-external-link\" data-quick-id=\"1835\" href=\"https:\/\/www.biowein.be\/web\/product\/birgit-braunstein-chardonay-felsenstein-2016-2017\/\" title=\"Birgit Braunstein : Chardonay Felsenstein 2023\">Quick View<\/a>\n\t\t\t\t\t\t<\/li>\n\t\t\t\t\t<\/ul>\n\t\t\t\t<\/div>\n\t\t\t<\/div>\n\t\t<\/div>\n\t<\/div>\n<\/div>\n<\/div><\/div><\/div>[\/vc_tta_section][\/vc_tta_accordion][\/vc_column][\/vc_row][vc_row][vc_column][vc_empty_space height=&#8221;100px&#8221;][\/vc_column][\/vc_row]\n<\/section>","protected":false},"excerpt":{"rendered":"<p>[vc_row full_width=&#8221;stretch_row&#8221; css=&#8221;.vc_custom_1557136431190{margin-bottom: 60px !important;}&#8221;][vc_column][vc_tta_accordion active_section=&#8221;0&#8243;][vc_tta_section title=&#8221;Weingut Georg Schmelzer&#8221; tab_id=&#8221;weingut_georg_schmelzer&#8221;][vc_column_text]Gols im Burgenland am Neusiedlersee Seit 100 Jahren macht die Familie Schmelzer hier charaktervolle Rot-, Wei\u00df- und Schaumweine. Die 14 Hektar gro\u00dfen Weing\u00e4rten werden nach Demeter-Richtlinien bewirtschaftet. 2013 stellten Georg und seine Frau Elisabeth erstmals auch zwei schwefelfreie und unfiltrierte Weine<\/p>\n","protected":false},"author":1,"featured_media":0,"parent":2026,"menu_order":0,"comment_status":"closed","ping_status":"closed","template":"","meta":{"footnotes":""},"class_list":["post-2028","page","type-page","status-publish","hentry"],"_links":{"self":[{"href":"https:\/\/www.biowein.be\/web\/wp-json\/wp\/v2\/pages\/2028","targetHints":{"allow":["GET"]}}],"collection":[{"href":"https:\/\/www.biowein.be\/web\/wp-json\/wp\/v2\/pages"}],"about":[{"href":"https:\/\/www.biowein.be\/web\/wp-json\/wp\/v2\/types\/page"}],"author":[{"embeddable":true,"href":"https:\/\/www.biowein.be\/web\/wp-json\/wp\/v2\/users\/1"}],"replies":[{"embeddable":true,"href":"https:\/\/www.biowein.be\/web\/wp-json\/wp\/v2\/comments?post=2028"}],"version-history":[{"count":7,"href":"https:\/\/www.biowein.be\/web\/wp-json\/wp\/v2\/pages\/2028\/revisions"}],"predecessor-version":[{"id":2186,"href":"https:\/\/www.biowein.be\/web\/wp-json\/wp\/v2\/pages\/2028\/revisions\/2186"}],"up":[{"embeddable":true,"href":"https:\/\/www.biowein.be\/web\/wp-json\/wp\/v2\/pages\/2026"}],"wp:attachment":[{"href":"https:\/\/www.biowein.be\/web\/wp-json\/wp\/v2\/media?parent=2028"}],"curies":[{"name":"wp","href":"https:\/\/api.w.org\/{rel}","templated":true}]}}