{"id":2135,"date":"2019-10-11T12:01:47","date_gmt":"2019-10-11T10:01:47","guid":{"rendered":"https:\/\/www.biowein.be\/web\/?page_id=2135"},"modified":"2019-10-11T12:02:00","modified_gmt":"2019-10-11T10:02:00","slug":"philosophie","status":"publish","type":"page","link":"https:\/\/www.biowein.be\/web\/philosophie\/","title":{"rendered":"Philosophie"},"content":{"rendered":"<section class=\"wpb-content-wrapper\">[vc_row][vc_column][vc_column_text]<strong>Aus Liebe zum Wein<\/strong><\/p>\n<p><strong>Biowein.be<\/strong><\/p>\n<p>Leidenschaft f\u00fcr gute Weine und ein ausgepr\u00e4gter Geschmacksinn waren ausschlaggebend f\u00fcr die Gr\u00fcndung unseres kleinen Biowein-Unternehmens im Jahre 2011.<\/p>\n<p>Seither vertreiben wir ausschlie\u00dflich biologische Weine aus verschiedenen L\u00e4ndern und Regionen.\u00a0 Diese L\u00e4nder bereisen wir und besuchen die Bio-Winzer auf ihren Weing\u00fctern. Der pers\u00f6nliche Kontakt zu den Weinbauern ist uns dabei sehr wichtig, denn jeder hat seine eigene Philosophie ebenso wie sein eigenes Savoirfaire, was sich schlussendlich auch in deren Weinen wiederspiegelt.\u00a0 Wir lernen auf jedem Weingut hinzu und schulen uns somit st\u00e4ndig weiter.<\/p>\n<p>Dieses Wissen teilen wir gerne mit den Besuchern unserer Verkostungen, die zweimal j\u00e4hrlich stattfinden. Auf Anfrage sind auch kleinere, private Verkostungen m\u00f6glich.<\/p>\n<p>Alle Weine sind bei uns gelagert und somit auch sofort erh\u00e4ltlich.<\/p>\n<p>Wir w\u00fcnschen viel Spa\u00df beim St\u00f6bern in der Weinkarte und freuen uns schon jetzt, Sie bald bei uns in Hasenvenn begr\u00fc\u00dfen zu k\u00f6nnen.<\/p>\n<p><strong>Jos\u00e9 und Lydia<\/strong><\/p>\n<p style=\"text-align: right;\"><strong>\u00a0<\/strong><\/p>\n[\/vc_column_text][\/vc_column][\/vc_row]\n<\/section>","protected":false},"excerpt":{"rendered":"<p>[vc_row][vc_column][vc_column_text]Aus Liebe zum Wein Biowein.be Leidenschaft f\u00fcr gute Weine und ein ausgepr\u00e4gter Geschmacksinn waren ausschlaggebend f\u00fcr die Gr\u00fcndung unseres kleinen Biowein-Unternehmens im Jahre 2011. Seither vertreiben wir ausschlie\u00dflich biologische Weine aus verschiedenen L\u00e4ndern und Regionen.\u00a0 Diese L\u00e4nder bereisen wir und besuchen die Bio-Winzer auf ihren Weing\u00fctern. Der pers\u00f6nliche Kontakt zu<\/p>\n","protected":false},"author":1,"featured_media":0,"parent":0,"menu_order":0,"comment_status":"closed","ping_status":"closed","template":"","meta":{"footnotes":""},"class_list":["post-2135","page","type-page","status-publish","hentry"],"_links":{"self":[{"href":"https:\/\/www.biowein.be\/web\/wp-json\/wp\/v2\/pages\/2135","targetHints":{"allow":["GET"]}}],"collection":[{"href":"https:\/\/www.biowein.be\/web\/wp-json\/wp\/v2\/pages"}],"about":[{"href":"https:\/\/www.biowein.be\/web\/wp-json\/wp\/v2\/types\/page"}],"author":[{"embeddable":true,"href":"https:\/\/www.biowein.be\/web\/wp-json\/wp\/v2\/users\/1"}],"replies":[{"embeddable":true,"href":"https:\/\/www.biowein.be\/web\/wp-json\/wp\/v2\/comments?post=2135"}],"version-history":[{"count":2,"href":"https:\/\/www.biowein.be\/web\/wp-json\/wp\/v2\/pages\/2135\/revisions"}],"predecessor-version":[{"id":2137,"href":"https:\/\/www.biowein.be\/web\/wp-json\/wp\/v2\/pages\/2135\/revisions\/2137"}],"wp:attachment":[{"href":"https:\/\/www.biowein.be\/web\/wp-json\/wp\/v2\/media?parent=2135"}],"curies":[{"name":"wp","href":"https:\/\/api.w.org\/{rel}","templated":true}]}}