{"id":1817,"date":"2019-04-02T11:37:43","date_gmt":"2019-04-02T09:37:43","guid":{"rendered":"https:\/\/www.biowein.be\/web\/?post_type=product&#038;p=1817"},"modified":"2025-12-30T12:12:06","modified_gmt":"2025-12-30T11:12:06","slug":"matthias-hager-gruener-veltliener-alte-reben-2011","status":"publish","type":"product","link":"https:\/\/www.biowein.be\/web\/product\/matthias-hager-gruener-veltliener-alte-reben-2011\/","title":{"rendered":"Matthias Hager : Gr\u00fcner Veltliener &#8211; Alte Reben 2022"},"content":{"rendered":"<p>&nbsp;<\/p>\n<div id=\"ConnectiveDocSignExtentionInstalled\" data-extension-version=\"1.0.4\"><\/div>\n","protected":false},"excerpt":{"rendered":"<p><u>Anbaugebiet<\/u> : Kamptal (n\u00f6rdlich der Wachau und Krems)<\/p>\n<p><u>Rebsorten<\/u> : Gr\u00fcner Veltliner, gepflanzt in den 1960er Jahren<\/p>\n<p><u>Kelterung<\/u> : Der Gr\u00fcne Velltiner Alte Reben wird sehr sp\u00e4t (2te H\u00e4lfte Oktober) per Hand gelesen und spontan vergoren. Danach erfolgt eine einj\u00e4hrige Reifung in einem gro\u00dfen gebrauchten Holzfa\u00df.<\/p>\n<p><u>Boden<\/u> : Glimmerschiefer sowie Lehm und L\u00f6ss<\/p>\n<p><u>Beschreibung<\/u>\u00a0: ein reifer, cremiger Reserve-Wein mit Tabak- und einigen Fruchtnoten (Apfel, Quitte, Honig); er ist angenehm zart und elegant am Gaumen.<\/p>\n<p><u>Passt zu<\/u> : idealer Speisebegleiter zu w\u00fcrzigen Gerichten mit oder ohne Fleisch<\/p>\n<div id=\"ConnectiveDocSignExtentionInstalled\" data-extension-version=\"1.0.4\"><\/div>\n","protected":false},"featured_media":1818,"comment_status":"open","ping_status":"closed","template":"","meta":[],"product_brand":[],"product_cat":[63,150,145,67],"product_tag":[],"class_list":{"0":"post-1817","1":"product","2":"type-product","3":"status-publish","4":"has-post-thumbnail","6":"product_cat-oesterreich","7":"product_cat-wachau","8":"product_cat-weingut-matthias-hager","9":"product_cat-weiss","11":"first","12":"instock","13":"shipping-taxable","14":"purchasable","15":"product-type-simple"},"_links":{"self":[{"href":"https:\/\/www.biowein.be\/web\/wp-json\/wp\/v2\/product\/1817","targetHints":{"allow":["GET"]}}],"collection":[{"href":"https:\/\/www.biowein.be\/web\/wp-json\/wp\/v2\/product"}],"about":[{"href":"https:\/\/www.biowein.be\/web\/wp-json\/wp\/v2\/types\/product"}],"replies":[{"embeddable":true,"href":"https:\/\/www.biowein.be\/web\/wp-json\/wp\/v2\/comments?post=1817"}],"wp:featuredmedia":[{"embeddable":true,"href":"https:\/\/www.biowein.be\/web\/wp-json\/wp\/v2\/media\/1818"}],"wp:attachment":[{"href":"https:\/\/www.biowein.be\/web\/wp-json\/wp\/v2\/media?parent=1817"}],"wp:term":[{"taxonomy":"product_brand","embeddable":true,"href":"https:\/\/www.biowein.be\/web\/wp-json\/wp\/v2\/product_brand?post=1817"},{"taxonomy":"product_cat","embeddable":true,"href":"https:\/\/www.biowein.be\/web\/wp-json\/wp\/v2\/product_cat?post=1817"},{"taxonomy":"product_tag","embeddable":true,"href":"https:\/\/www.biowein.be\/web\/wp-json\/wp\/v2\/product_tag?post=1817"}],"curies":[{"name":"wp","href":"https:\/\/api.w.org\/{rel}","templated":true}]}}