{"id":2244,"date":"2019-11-13T09:38:00","date_gmt":"2019-11-13T08:38:00","guid":{"rendered":"https:\/\/www.biowein.be\/web\/?post_type=product&#038;p=2244"},"modified":"2023-02-01T15:13:17","modified_gmt":"2023-02-01T14:13:17","slug":"olivenoel-3-liter","status":"publish","type":"product","link":"https:\/\/www.biowein.be\/web\/product\/olivenoel-3-liter\/","title":{"rendered":"Oliven\u00f6l 3 Liter"},"content":{"rendered":"<p><strong>Miro Cubells \u2013 Cavaloca <\/strong><\/p>\n<p><strong>Oliven\u00f6l aus dem Priorat<\/strong><\/p>\n<p>Neus und Ferran, die passionierten Olivenbauern in Cabac\u00e8s, unweit von Poboleda, lernten wir durch Salvador und Conxita vom Weingut Mas Sinen kennen. Seit mehr als 10 Generationen ist die Miro Cubells-Familie dort ans\u00e4ssig. Ihr Wahrzeichen vor dem Haus ist ein imposanter \u00fcber 1000 Jahre alter Olivenbaum. Die meisten Felder werden per Maulesel und Esel bearbeitet, wo die Sorten Arbequina, Rojal, Negret, Koroneiki und Arbossana seit zum Teil 1000 Jahren angepflanzt sind. Die moderne M\u00fchle arbeitet mit traditionellen Methoden, wie z.B. dem nat\u00fcrlichen Dekantieren der \u00d6le und die verschiedenen Olivensorten getrennt voneinander zu pressen, bevor das endg\u00fcltige Mischungsverh\u00e4ltnis bestimmt wird. Dieses biologisch zertifizierte Oliven\u00f6l aus dem Naturpark Montsant, geh\u00f6rt mit zu den Besten, das im Priorat zu finden ist.<\/p>\n<p><img loading=\"lazy\" decoding=\"async\" class=\"alignleft wp-image-2245\" src=\"https:\/\/www.biowein.be\/web\/wp-content\/uploads\/2019\/11\/olivenoel-priorat-miro-cubells-cavaloca01.jpg\" alt=\"\" width=\"280\" height=\"210\" srcset=\"https:\/\/www.biowein.be\/web\/wp-content\/uploads\/2019\/11\/olivenoel-priorat-miro-cubells-cavaloca01.jpg 412w, https:\/\/www.biowein.be\/web\/wp-content\/uploads\/2019\/11\/olivenoel-priorat-miro-cubells-cavaloca01-300x225.jpg 300w, https:\/\/www.biowein.be\/web\/wp-content\/uploads\/2019\/11\/olivenoel-priorat-miro-cubells-cavaloca01-150x113.jpg 150w\" sizes=\"auto, (max-width: 280px) 100vw, 280px\" \/> <img loading=\"lazy\" decoding=\"async\" class=\"alignleft wp-image-2247\" src=\"https:\/\/www.biowein.be\/web\/wp-content\/uploads\/2019\/11\/olivenoel-priorat-miro-cubells-cavaloca02.jpg\" alt=\"\" width=\"280\" height=\"210\" srcset=\"https:\/\/www.biowein.be\/web\/wp-content\/uploads\/2019\/11\/olivenoel-priorat-miro-cubells-cavaloca02.jpg 416w, https:\/\/www.biowein.be\/web\/wp-content\/uploads\/2019\/11\/olivenoel-priorat-miro-cubells-cavaloca02-300x225.jpg 300w, https:\/\/www.biowein.be\/web\/wp-content\/uploads\/2019\/11\/olivenoel-priorat-miro-cubells-cavaloca02-150x113.jpg 150w\" sizes=\"auto, (max-width: 280px) 100vw, 280px\" \/><\/p>\n<div id=\"ConnectiveDocSignExtentionInstalled\" data-extension-version=\"1.0.4\"><\/div>\n","protected":false},"excerpt":{"rendered":"<p><strong>Miro Cubells \u2013 Cavaloca <\/strong><\/p>\n<p><strong>Oliven\u00f6l aus dem Priorat<\/strong><\/p>\n<p>Neus und Ferran, die passionierten Olivenbauern in Cabac\u00e8s, unweit von Poboleda, lernten wir durch Salvador und Conxita vom Weingut Mas Sinen kennen. Seit mehr als 10 Generationen ist die Miro Cubells-Familie dort ans\u00e4ssig. Ihr Wahrzeichen vor dem Haus ist ein imposanter \u00fcber 1000 Jahre alter Olivenbaum. Die meisten Felder werden per Maulesel und Esel bearbeitet, wo die Sorten Arbequina, Rojal, Negret, Koroneiki und Arbossana seit zum Teil 1000 Jahren angepflanzt sind. Die moderne M\u00fchle arbeitet mit traditionellen Methoden, wie z.B. dem nat\u00fcrlichen Dekantieren der \u00d6le und die verschiedenen Olivensorten getrennt voneinander zu pressen, bevor das endg\u00fcltige Mischungsverh\u00e4ltnis bestimmt wird. Dieses biologisch zertifizierte Oliven\u00f6l aus dem Naturpark Montsant, geh\u00f6rt mit zu den Besten, das im Priorat zu finden ist.<\/p>\n<p><img loading=\"lazy\" decoding=\"async\" class=\"alignleft wp-image-2245\" src=\"https:\/\/www.biowein.be\/web\/wp-content\/uploads\/2019\/11\/olivenoel-priorat-miro-cubells-cavaloca01.jpg\" alt=\"\" width=\"280\" height=\"210\" srcset=\"https:\/\/www.biowein.be\/web\/wp-content\/uploads\/2019\/11\/olivenoel-priorat-miro-cubells-cavaloca01.jpg 412w, https:\/\/www.biowein.be\/web\/wp-content\/uploads\/2019\/11\/olivenoel-priorat-miro-cubells-cavaloca01-300x225.jpg 300w, https:\/\/www.biowein.be\/web\/wp-content\/uploads\/2019\/11\/olivenoel-priorat-miro-cubells-cavaloca01-150x113.jpg 150w\" sizes=\"auto, (max-width: 280px) 100vw, 280px\" \/> <img loading=\"lazy\" decoding=\"async\" class=\"alignleft wp-image-2247\" src=\"https:\/\/www.biowein.be\/web\/wp-content\/uploads\/2019\/11\/olivenoel-priorat-miro-cubells-cavaloca02.jpg\" alt=\"\" width=\"280\" height=\"210\" srcset=\"https:\/\/www.biowein.be\/web\/wp-content\/uploads\/2019\/11\/olivenoel-priorat-miro-cubells-cavaloca02.jpg 416w, https:\/\/www.biowein.be\/web\/wp-content\/uploads\/2019\/11\/olivenoel-priorat-miro-cubells-cavaloca02-300x225.jpg 300w, https:\/\/www.biowein.be\/web\/wp-content\/uploads\/2019\/11\/olivenoel-priorat-miro-cubells-cavaloca02-150x113.jpg 150w\" sizes=\"auto, (max-width: 280px) 100vw, 280px\" \/><\/p>\n<p>&nbsp;<\/p>\n<p>&nbsp;<\/p>\n<p>&nbsp;<\/p>\n<p>&nbsp;<\/p>\n<p>&nbsp;<\/p>\n<p>&nbsp;<\/p>\n<p><u>Anbaugebiet<\/u> : Priorat &#8211; Montsant<\/p>\n<p><u>Olivensorten<\/u> : Arbequina, Rojal, Koroneiki und Arbossana<\/p>\n<p><u>Kelterung<\/u> : Kaltpressung<\/p>\n<p><u>Boden<\/u> : Steiniger trockener Kalkboden<\/p>\n<p><u>Beschreibung<\/u> : Kr\u00e4ftiger aromatischer Ausdruck in der Nase und am Gaumen, klare und reichhaltige Frucht.<\/p>\n<p>Aromen nach frischem Gras,im Geschmack ein Hauch nach Artischocke, gr\u00fcner Walnu\u00df und Mandel.<\/p>\n<p><u>Passt zu<\/u> : als Dressing zu Salaten oder zum Eintunken von Brot. Dieses Oliven\u00f6l kann bis 180 \u00b0C erhitzt werden.<\/p>\n<p>&nbsp;<\/p>\n<div id=\"ConnectiveDocSignExtentionInstalled\" data-extension-version=\"1.0.4\"><\/div>\n","protected":false},"featured_media":2361,"comment_status":"open","ping_status":"closed","template":"","meta":[],"product_brand":[],"product_cat":[156,90,59],"product_tag":[],"class_list":{"0":"post-2244","1":"product","2":"type-product","3":"status-publish","4":"has-post-thumbnail","6":"product_cat-oel","7":"product_cat-priorat","8":"product_cat-spanien","10":"first","11":"instock","12":"shipping-taxable","13":"purchasable","14":"product-type-simple"},"_links":{"self":[{"href":"https:\/\/www.biowein.be\/web\/wp-json\/wp\/v2\/product\/2244","targetHints":{"allow":["GET"]}}],"collection":[{"href":"https:\/\/www.biowein.be\/web\/wp-json\/wp\/v2\/product"}],"about":[{"href":"https:\/\/www.biowein.be\/web\/wp-json\/wp\/v2\/types\/product"}],"replies":[{"embeddable":true,"href":"https:\/\/www.biowein.be\/web\/wp-json\/wp\/v2\/comments?post=2244"}],"wp:featuredmedia":[{"embeddable":true,"href":"https:\/\/www.biowein.be\/web\/wp-json\/wp\/v2\/media\/2361"}],"wp:attachment":[{"href":"https:\/\/www.biowein.be\/web\/wp-json\/wp\/v2\/media?parent=2244"}],"wp:term":[{"taxonomy":"product_brand","embeddable":true,"href":"https:\/\/www.biowein.be\/web\/wp-json\/wp\/v2\/product_brand?post=2244"},{"taxonomy":"product_cat","embeddable":true,"href":"https:\/\/www.biowein.be\/web\/wp-json\/wp\/v2\/product_cat?post=2244"},{"taxonomy":"product_tag","embeddable":true,"href":"https:\/\/www.biowein.be\/web\/wp-json\/wp\/v2\/product_tag?post=2244"}],"curies":[{"name":"wp","href":"https:\/\/api.w.org\/{rel}","templated":true}]}}