{"id":2512,"date":"2023-03-29T12:53:02","date_gmt":"2023-03-29T10:53:02","guid":{"rendered":"https:\/\/www.biowein.be\/web\/?post_type=product&#038;p=2512"},"modified":"2024-11-02T12:03:52","modified_gmt":"2024-11-02T11:03:52","slug":"calcaire-nord-2021","status":"publish","type":"product","link":"https:\/\/www.biowein.be\/web\/product\/calcaire-nord-2021\/","title":{"rendered":"Calcaire Nord 2022"},"content":{"rendered":"<p>&nbsp;<\/p>\n<div id=\"ConnectiveDocSignExtentionInstalled\" data-extension-version=\"1.0.4\"><\/div>\n<div id=\"sconnect-is-installed\" style=\"display: none;\">2.15.0.0<\/div>\n","protected":false},"excerpt":{"rendered":"<p>&nbsp;<\/p>\n<p><u>Anbaugebiet:<\/u> AOC Longuedoc<\/p>\n<p><u>Rebsorten:<\/u> Cinsault, Grenache und Mourv\u00e8dre<\/p>\n<p><u>Kelterung<\/u>: Grenache und Mourv\u00e8dre im Edelstahltank, Cinsault 12 Monate in franz\u00f6sischen Barriquef\u00e4ssern<\/p>\n<p><u>Boden:<\/u> Lehm- Kalkboden mit Quarzablagerungen<\/p>\n<p><u>Beschreibung:<\/u> durchscheinende zarte rote Farbe. Die Nase ist sehr fruchtig nach kleinen roten Fr\u00fcchten. Am Gaumen ist er frisch und lecker, mit weichen Tanninen und einem sch\u00f6nen Abgang auf der Zunge.<\/p>\n<p>Der im Barrique ausgebaute Cinsault verleiht dem Wein Leichtigkeit und Eleganz. Der Mourv\u00e8dre verleiht ihm die n\u00f6tige Konzentration f\u00fcr eine gute Lagerung.<\/p>\n<p><u>Lagerf\u00e4higkeit<\/u>: 5 Jahre<\/p>\n<p><u>Passt zu:<\/u> einem w\u00fcrzigen Gericht wie Couscous oder Lamm-Tajine<\/p>\n<div id=\"ConnectiveDocSignExtentionInstalled\" data-extension-version=\"1.0.4\"><\/div>\n<div id=\"sconnect-is-installed\" style=\"display: none;\">2.15.0.0<\/div>\n","protected":false},"featured_media":2513,"comment_status":"open","ping_status":"closed","template":"","meta":[],"product_brand":[],"product_cat":[195,53,71,50],"product_tag":[],"class_list":{"0":"post-2512","1":"product","2":"type-product","3":"status-publish","4":"has-post-thumbnail","6":"product_cat-domaine-monplezy","7":"product_cat-frankreich","8":"product_cat-languedoc","9":"product_cat-rot","11":"first","12":"instock","13":"shipping-taxable","14":"purchasable","15":"product-type-simple"},"_links":{"self":[{"href":"https:\/\/www.biowein.be\/web\/wp-json\/wp\/v2\/product\/2512","targetHints":{"allow":["GET"]}}],"collection":[{"href":"https:\/\/www.biowein.be\/web\/wp-json\/wp\/v2\/product"}],"about":[{"href":"https:\/\/www.biowein.be\/web\/wp-json\/wp\/v2\/types\/product"}],"replies":[{"embeddable":true,"href":"https:\/\/www.biowein.be\/web\/wp-json\/wp\/v2\/comments?post=2512"}],"wp:featuredmedia":[{"embeddable":true,"href":"https:\/\/www.biowein.be\/web\/wp-json\/wp\/v2\/media\/2513"}],"wp:attachment":[{"href":"https:\/\/www.biowein.be\/web\/wp-json\/wp\/v2\/media?parent=2512"}],"wp:term":[{"taxonomy":"product_brand","embeddable":true,"href":"https:\/\/www.biowein.be\/web\/wp-json\/wp\/v2\/product_brand?post=2512"},{"taxonomy":"product_cat","embeddable":true,"href":"https:\/\/www.biowein.be\/web\/wp-json\/wp\/v2\/product_cat?post=2512"},{"taxonomy":"product_tag","embeddable":true,"href":"https:\/\/www.biowein.be\/web\/wp-json\/wp\/v2\/product_tag?post=2512"}],"curies":[{"name":"wp","href":"https:\/\/api.w.org\/{rel}","templated":true}]}}